2
Let d(i) = -2*i**3 + 12*i**2 + 5*i - 3. Let m be d(6). What is the highest common factor of m and 6?
3
Let t = 80 + 770. Calculate the highest common divisor of t and 34.
34
Let g(s) = s**2. Let x = -3 - -5. Let n be g(x). Suppose 4*f - 2*k - 2*k = 368, 372 = n*f - 3*k. What is the greatest common divisor of 16 and f?
16
Let p(h) = -h - 7. Let l be p(-10). Suppose -35 = -5*m + 5*t, 0 = 2*t - 7 - l. Suppose 0 = -3*w + 5*w - 96. What is the greatest common divisor of m and w?
12
Let u = -80 + 152. Suppose 0 = 6*h + 15*h - 1008. What is the greatest common divisor of h and u?
24
Let y = -21 + 39. Suppose -y = -p - k + 15, 5*k - 81 = -2*p. What is the greatest common factor of 14 and p?
14
Let l(m) = 24*m + 543. Let d be l(-20). Suppose 9*q = 4*q. Suppose q = -3*p + 7 + 14. Calculate the greatest common divisor of d and p.
7
Suppose 4*i = 2*z + 10, 5*z + 0*z + i - 19 = 0. Let p be ((-31)/4)/((-7)/56). Let j = p + -56. What is the greatest common factor of z and j?
3
Let d be (-2)/((-18)/1539) - 3. What is the highest common factor of d and 112?
56
Suppose z = -0*z - 5*b - 4440, 5*z = 2*b - 22281. Let l be z/(-143) + (-4)/26. Calculate the highest common factor of 217 and l.
31
Suppose 26*d - 11 = 15. Calculate the highest common divisor of d and 137.
1
Suppose 0 = 13*n - 23*n + 520. Calculate the highest common factor of 286 and n.
26
Let a = -912 - -968. Suppose -2*p - w = -15, -p + w = -5*p + 31. Calculate the highest common factor of a and p.
8
Suppose 5*r = -4*k + 1015, -59*r - 2*k = -60*r + 217. Let h be (-65)/(-7) - (-2)/(-7). What is the greatest common factor of h and r?
9
Let f = 27 + -16. Let v be 1/(2/(-11))*-2. What is the highest common divisor of f and v?
11
Let h(z) = -z**2 - 6*z + 7. Let q be h(-7). Suppose 3*w + q*w + 12 = 0, 4*i - 3*w - 148 = 0. What is the highest common divisor of i and 272?
34
Let j be (-5)/(-2)*1/(-5)*-8. What is the highest common factor of j and 96?
4
Let f be 4/(-2) - (-10 + -3). Suppose -7*k + 207 = -332. Calculate the greatest common divisor of f and k.
11
Let z be (248/(-10))/((-56)/420). What is the greatest common divisor of z and 837?
93
Let x be (3 + 18/(-8))/(2/40). Calculate the greatest common factor of x and 345.
15
Suppose m = -3*p + 49, -5*m - p + 32 = -171. Suppose -2*f + m = -16. Calculate the greatest common factor of 14 and f.
14
Let z = 502 - 490. What is the greatest common factor of 636 and z?
12
Suppose -r + 27 = 3*g, -38 = -4*g + 3*r - 5*r. Let c(i) = i**2 - 29*i - 270. Let d be c(38). Calculate the greatest common factor of d and g.
8
Let z(m) = m**3 + 8*m**2 - 7*m - 2. Suppose -4*r = -5*d - 56, 4*d - 6*r = -3*r - 44. Let k be z(d). Calculate the highest common divisor of k and 6.
6
Let i be 2*(0 + -1) - -25. Let j be (-659)/(-9) + (-2)/9. Suppose 111 = p - j. Calculate the highest common divisor of i and p.
23
Let b(y) = 8*y**2 - 42*y + 305. Let p be b(21). What is the greatest common factor of p and 13?
13
Let c be (6/(-5))/((-123)/3280). Calculate the greatest common factor of c and 104.
8
Suppose -48 = -35*n + 22. Calculate the highest common factor of n and 103.
1
Let n be -2*((-1281)/(-6))/(-7). Let q = n + -31. What is the highest common divisor of 12 and q?
6
Suppose 271*h = 272*h - 50. Let l(v) = 6*v**2 - 2*v. Let d be (2/4)/((-2)/(-8)). Let r be l(d). Calculate the greatest common factor of h and r.
10
Let q be (-79)/(-9) - (296/(-36) + 8). Calculate the greatest common factor of q and 57.
3
Let b = 10 - 4. Suppose -4*v - l - l - b = 0, 4*v - 5*l = -27. Let m be (98/(-35))/(v/75). Calculate the highest common divisor of m and 28.
14
Suppose -432 = -3*y + y. Suppose 15 = -n - 38. Let p = n + 80. What is the greatest common divisor of y and p?
27
Let w(i) = -i + 39. Let t be w(32). Let y be (-35)/(-2)*4/2. What is the highest common factor of y and t?
7
Let h be -29*(4 + -6)*12/3. Suppose -5*z + h = 77. Calculate the greatest common divisor of 155 and z.
31
Suppose -3*j = -3*d + 147, 4*d + 2*j = -0*j + 208. Let l = -13 + d. Calculate the greatest common factor of 95 and l.
19
Suppose -4*u = -2*u + 48. Let o be 51/(-12)*u/6. Calculate the greatest common factor of o and 153.
17
Let y = 1021 + -991. What is the greatest common divisor of 510 and y?
30
Suppose -5*a - 4*k + 276 = 0, a + 0*a = k + 48. Suppose h = -3, -p - 5*h + a = 7. Calculate the highest common divisor of 12 and p.
12
Let y = -108 - -231. What is the highest common divisor of 82 and y?
41
Suppose -8*q = -555 + 355. Calculate the greatest common divisor of 200 and q.
25
Let s(r) = -r**2 - 2*r - 1. Let b be s(-1). Suppose 5*i - 13 - 12 = b. Suppose i*p - 47 = 8. Calculate the highest common divisor of p and 44.
11
Let m be ((-72)/(-20))/((-1256)/320 + 4). Calculate the greatest common factor of 40 and m.
8
Suppose 2*q = -2*q + 16. Suppose q*s - 112 = -28. Let w(g) = -g**3 - 2*g**2 - 2*g + 189. Let k be w(0). Calculate the highest common factor of s and k.
21
Let b = 1 - -3. What is the greatest common divisor of 36 and b?
4
Let u be (-46)/(-345) - (-1 + (-418)/15). Let z = -907 - -1313. Let g be (1*-1)/((-2)/z). Calculate the highest common divisor of u and g.
29
Let m(n) = n**2 - n - 155. Let a be m(17). Let c = 23 - 14. What is the greatest common factor of a and c?
9
Let t = -24 + 27. Let o = 18 - t. Let r be (-41)/(-13) + (-2)/13. What is the highest common factor of r and o?
3
Let r(g) = g**3 + 6*g**2 - 10*g - 2. Let i be r(-4). Let x(s) = 2*s + 8. Let a be x(10). Calculate the greatest common factor of i and a.
14
Suppose 13*w = 11*w + 8. Calculate the greatest common factor of 14 and w.
2
Let x(r) = -r**3 + 3*r**2 + r - 5. Let u be x(2). Let w be 12*(16/6 - (1 + u)). What is the greatest common divisor of w and 32?
8
Let a(t) = -t**3 + 12*t**2 - 9*t - 12. Suppose -s + 16 = -0. Let f be (22/(-3))/(s/(-24)). Let l be a(f). What is the greatest common factor of 2 and l?
2
Suppose 2*i + m = 47, -4*i - 27 = -5*i + 3*m. Let y = -11 + i. Calculate the highest common factor of 39 and y.
13
Suppose -14*s = -4*o - 13*s + 715, -5*o + 5*s + 875 = 0. What is the highest common divisor of o and 315?
45
Let m be -9 + (-1164)/(-9) - 24/18. What is the highest common divisor of 7 and m?
7
Let b = -25 + 36. Let m(o) = 21*o + 16. Suppose a - 2 - 3 = 0. Let t be m(a). What is the greatest common factor of b and t?
11
Suppose 0 = w - 45 - 15. What is the highest common divisor of 25 and w?
5
Suppose 102 - 24 = 3*b. Let r = -75 + b. Let o be (-14)/r - 276/(-14). Calculate the highest common divisor of o and 8.
4
Suppose -r = -0*r - 22. Calculate the highest common factor of 781 and r.
11
Let f(n) = 12*n - 1. Let p(d) = d. Let j(u) = f(u) - 5*p(u). Let y be j(7). Calculate the greatest common divisor of y and 6.
6
Let u be 189756/(-69) + 12/138. Let t be 5*-1 + u/(-25). Suppose 0 = -m + 13 + 2. What is the highest common factor of t and m?
15
Suppose 11*g + 1760 = 31*g. Suppose 3*s = 2 + 31. Calculate the highest common divisor of g and s.
11
Let t be (-2 - (-1)/1)*-18. Suppose -3*z = 5*k - 19, 0*k = k + z - 5. Suppose 0*x - 24 = -k*x. What is the greatest common divisor of t and x?
6
Let n(c) = c**2 - 2*c - 4. Let r be n(4). Suppose 4*j + 197 = 861. Suppose i - 40 = -2*a, 4*i + 4*a - j = -a. Calculate the greatest common factor of r and i.
4
Let a(h) = 2*h - 99. Let d be a(63). What is the greatest common divisor of d and 21?
3
Let x(b) = 2*b + 9. Let c be (-16)/10 - 2/5. Let l be (-4 - -10)*c/(-1). Let i be x(l). What is the greatest common factor of i and 165?
33
Suppose -2*k + 223 = g, 749*g = -k + 752*g + 115. Calculate the greatest common factor of k and 4.
4
Suppose -5*i + 186 + 34 = 0. Let a(n) = -n + 160 + i + 28. Let m be a(0). Calculate the greatest common divisor of 29 and m.
29
Let s be (-3)/(-5) + (2 - 1029/(-35)). Calculate the greatest common factor of 8 and s.
8
Suppose 0*j + j + 4 = 0. Let b be j/(-6) + (-2630)/(-15). Calculate the greatest common divisor of b and 22.
22
Suppose -51*t + 144*t = 26226. What is the greatest common divisor of t and 48?
6
Let w = 131 - 126. Suppose w*c - 74 = 4*c. Calculate the greatest common factor of c and 185.
37
Let c(w) = -24*w + 327. Let a be c(13). Calculate the highest common divisor of 300 and a.
15
Let a = -19 + 23. Suppose a*g = g - 12, -3*y - 2*g = -28. What is t